 the prime factors of 3801.
3, 7, 181
List the prime factors of 13695.
3, 5, 11, 83
What are the prime factors of 1433?
1433
What are the prime factors of 1329?
3, 443
List the prime factors of 3500.
2, 5, 7
What are the prime factors of 22252?
2, 5563
List the prime factors of 28083.
3, 11, 23, 37
What are the prime factors of 5874?
2, 3, 11, 89
List the prime factors of 21120.
2, 3, 5, 11
List the prime factors of 88966.
2, 44483
What are the prime factors of 2190?
2, 3, 5, 73
List the prime factors of 4370.
2, 5, 19, 23
What are the prime factors of 2158?
2, 13, 83
List the prime factors of 1842.
2, 3, 307
List the prime factors of 47522.
2, 23761
List the prime factors of 1709.
1709
What are the prime factors of 469?
7, 67
List the prime factors of 44121.
3, 7, 11, 191
List the prime factors of 935.
5, 11, 17
List the prime factors of 130.
2, 5, 13
What are the prime factors of 333?
3, 37
List the prime factors of 1341.
3, 149
List the prime factors of 9234.
2, 3, 19
What are the prime factors of 823?
823
List the prime factors of 1141.
7, 163
List the prime factors of 2546.
2, 19, 67
What are the prime factors of 731?
17, 43
What are the prime factors of 1100?
2, 5, 11
What are the prime factors of 7499?
7499
What are the prime factors of 2247?
3, 7, 107
What are the prime factors of 1001?
7, 11, 13
What are the prime factors of 9638?
2, 61, 79
List the prime factors of 13416.
2, 3, 13, 43
List the prime factors of 14495.
5, 13, 223
List the prime factors of 8042.
2, 4021
List the prime factors of 3768.
2, 3, 157
List the prime factors of 3520.
2, 5, 11
List the prime factors of 7522.
2, 3761
List the prime factors of 127625.
5, 1021
List the prime factors of 99109.
99109
What are the prime factors of 5020?
2, 5, 251
What are the prime factors of 14493?
3, 4831
What are the prime factors of 2862?
2, 3, 53
What are the prime factors of 735?
3, 5, 7
What are the prime factors of 28836?
2, 3, 89
What are the prime factors of 3727?
3727
What are the prime factors of 3969?
3, 7
What are the prime factors of 315?
3, 5, 7
List the prime factors of 22802.
2, 13, 877
What are the prime factors of 89252?
2, 53, 421
List the prime factors of 614.
2, 307
List the prime factors of 1353.
3, 11, 41
What are the prime factors of 15620?
2, 5, 11, 71
List the prime factors of 1621.
1621
What are the prime factors of 5457?
3, 17, 107
What are the prime factors of 1678?
2, 839
What are the prime factors of 6637?
6637
What are the prime factors of 144?
2, 3
What are the prime factors of 28893?
3, 9631
What are the prime factors of 1856?
2, 29
List the prime factors of 2017.
2017
List the prime factors of 8675.
5, 347
List the prime factors of 10134.
2, 3, 563
What are the prime factors of 4220?
2, 5, 211
List the prime factors of 2226.
2, 3, 7, 53
What are the prime factors of 107924?
2, 26981
What are the prime factors of 2134?
2, 11, 97
List the prime factors of 1313.
13, 101
List the prime factors of 20398.
2, 7, 31, 47
List the prime factors of 8101.
8101
List the prime factors of 7548.
2, 3, 17, 37
List the prime factors of 4549.
4549
What are the prime factors of 3093?
3, 1031
List the prime factors of 70740.
2, 3, 5, 131
What are the prime factors of 12529?
11, 17, 67
List the prime factors of 450.
2, 3, 5
List the prime factors of 3172.
2, 13, 61
List the prime factors of 214.
2, 107
What are the prime factors of 32110?
2, 5, 13, 19
What are the prime factors of 2758?
2, 7, 197
List the prime factors of 28321.
127, 223
What are the prime factors of 1391?
13, 107
What are the prime factors of 8997?
3, 2999
List the prime factors of 1487.
1487
List the prime factors of 29487.
3, 9829
What are the prime factors of 3083?
3083
List the prime factors of 2960.
2, 5, 37
List the prime factors of 2928.
2, 3, 61
What are the prime factors of 415?
5, 83
List the prime factors of 8606.
2, 13, 331
What are the prime factors of 569?
569
What are the prime factors of 2197?
13
What are the prime factors of 4890?
2, 3, 5, 163
What are the prime factors of 273?
3, 7, 13
List the prime factors of 5867.
5867
List the prime factors of 63160.
2, 5, 1579
What are the prime factors of 9323?
9323
What are the prime factors of 1292?
2, 17, 19
What are the prime factors of 632?
2, 79
List the prime factors of 4667.
13, 359
List the prime factors of 144.
2, 3
What are the prime factors of 52842?
2, 3, 8807
List the prime factors of 93143.
17, 5479
List the prime factors of 174.
2, 3, 29
List the prime factors of 9151.
9151
List the prime factors of 3729.
3, 11, 113
List the prime factors of 10916.
2, 2729
What are the prime factors of 32703?
3, 11, 991
What are the prime factors of 2017?
2017
List the prime factors of 77502.
2, 3, 12917
List the prime factors of 2292.
2, 3, 191
What are the prime factors of 4382?
2, 7, 313
List the prime factors of 5054.
2, 7, 19
What are the prime factors of 4542?
2, 3, 757
List the prime factors of 1358.
2, 7, 97
What are the prime factors of 13562?
2, 6781
List the prime factors of 603.
3, 67
What are the prime factors of 49741?
49741
List the prime factors of 1118.
2, 13, 43
List the prime factors of 9562.
2, 7, 683
What are the prime factors of 39528?
2, 3, 61
List the prime factors of 39992.
2, 4999
List the prime factors of 10267.
10267
What are the prime factors of 4182?
2, 3, 17, 41
List the prime factors of 104975.
5, 13, 17, 19
List the prime factors of 27444.
2, 3, 2287
What are the prime factors of 15750?
2, 3, 5, 7
What are the prime factors of 49743?
3, 5527
What are the prime factors of 5887?
7, 29
What are the prime factors of 787?
787
What are the prime factors of 45702?
2, 3, 2539
List the prime factors of 495.
3, 5, 11
What are the prime factors of 129749?
129749
List the prime factors of 800.
2, 5
List the prime factors of 74969.
61, 1229
What are the prime factors of 48692?
2, 7, 37, 47
What are the prime factors of 58857?
3, 23, 853
List the prime factors of 3885.
3, 5, 7, 37
What are the prime factors of 167?
167
What are the prime factors of 26218?
2, 13109
List the prime factors of 4364.
2, 1091
What are the prime factors of 3985?
5, 797
What are the prime factors of 2160?
2, 3, 5
What are the prime factors of 52223?
52223
What are the prime factors of 2212?
2, 7, 79
List the prime factors of 6552.
2, 3, 7, 13
What are the prime factors of 10239?
3, 3413
List the prime factors of 2477.
2477
What are the prime factors of 807?
3, 269
What are the prime factors of 1499?
1499
List the prime factors of 135430.
2, 5, 29, 467
List the prime factors of 7602.
2, 3, 7, 181
List the prime factors of 8071.
7, 1153
List the prime factors of 1735.
5, 347
List the prime factors of 11149.
11149
List the prime factors of 178.
2, 89
What are the prime factors of 68216?
2, 8527
List the prime factors of 8440.
2, 5, 211
What are the prime factors of 7154?
2, 7, 73
What are the prime factors of 2328?
2, 3, 97
List the prime factors of 8062.
2, 29, 139
List the prime factors of 662.
2, 331
What are the prime factors of 103?
103
List the prime factors of 611.
13, 47
List the prime factors of 236.
2, 59
What are the prime factors of 3156?
2, 3, 263
List the prime factors of 101223.
3, 23, 163
List the prime factors of 11367.
3, 421
List the prime factors of 16914.
2, 3, 2819
List the prime factors of 469.
7, 67
What are the prime factors of 12834?
2, 3, 23, 31
What are the prime factors of 8446?
2, 41, 103
List the prime factors of 38134.
2, 23, 829
List the prime factors of 5133.
3, 29, 59
List the prime factors of 1687.
7, 241
List the prime factors of 7871.
17, 463
List the prime factors of 690.
2, 3, 5, 23
What are the prime factors of 16420?
2, 5, 821
What are the prime factors of 53841?
3, 131, 137
What are the prime factors of 13013?
7, 11, 13
List the prime factors of 1101.
3, 367
List the prime factors of 8437.
11, 13, 59
List the prime factors of 70449.
3, 23, 1021
List the prime factors of 310.
2, 5, 31
List the prime factors of 19912.
2, 19, 131
List the prime factors of 28217.
7, 29, 139
List the prime factors of 3761.
3761
List the prime factors of 378.
2, 3, 7
List the prime factors of 963.
3, 107
List the prime factors of 1501.
19, 79
List the prime factors of 966.
2, 3, 7, 23
List the prime factors of 20443.
20443
What ar